9. Calculate a(-594).
21
Let y(d) = 7542263*d + 22626793. Determine y(-3).
4
Let x(t) = -2089*t - 8380. Calculate x(-4).
-24
Let f(x) = 165*x**3 + 1996*x**2 + 203*x + 122. Determine f(-12).
-10
Let u(z) = 2*z**3 + 757*z**2 - 386*z - 2585. Give u(-379).
68
Let a(x) = 312*x + 52729. Give a(-167).
625
Let w(a) = 2*a**3 + 137*a**2 - 353*a - 9978. Determine w(-70).
32
Let q(g) = -23*g**2 - 420*g + 1258. Determine q(3).
-209
Let h(j) = 21*j**2 + 1699*j - 5107. Determine h(3).
179
Let v(n) = n**3 - 151*n**2 - 304*n - 396. Calculate v(153).
-90
Let q(b) = -b**3 + 378*b**2 - 15270*b - 96. What is q(46)?
-4
Let n(z) = -z**2 - 2017*z + 12099. Determine n(6).
-39
Let f(u) = -3*u**2 + 31279*u - 125078. Give f(4).
-10
Let t(o) = o**2 - 335*o + 26508. What is t(128)?
12
Let c(d) = -2658*d - 58897. Give c(-20).
-5737
Let p(r) = -703*r - 71759. What is p(-102)?
-53
Let m(g) = 2234*g + 17834. What is m(-8)?
-38
Let s(x) = -4*x**3 + 29*x**2 - 32*x + 106. Give s(7).
-69
Let l(w) = w**2 - 462*w + 13131. Give l(30).
171
Let g(k) = 16838*k - 623003. Determine g(37).
3
Let k(m) = m**3 - 101*m**2 + 12*m - 1219. Determine k(101).
-7
Let w(j) = -2*j**2 + 698298*j - 2094881. Calculate w(3).
-5
Let j(i) = 56127*i + 2301206. Give j(-41).
-1
Let h(x) = 2496*x + 142250. Give h(-57).
-22
Let y(b) = -586*b - 9143. Determine y(-18).
1405
Let x(o) = -9*o**2 - 982*o - 14211. Give x(-92).
-43
Let u(v) = -2*v**3 + 170*v**2 - 638*v + 25400. What is u(83)?
2
Let b(m) = 18*m**2 - 4793*m - 3603. Determine b(267).
-132
Let i(s) = 98398*s + 491968. Give i(-5).
-22
Let m(h) = 858715*h + 4293602. Determine m(-5).
27
Let t(r) = 96*r**2 - 821*r + 21. Calculate t(6).
-1449
Let n(w) = -1856*w + 7241. What is n(5)?
-2039
Let w(b) = -22*b**3 - 137*b**2 - 23*b - 79. Calculate w(-6).
-121
Let u(v) = 148*v**2 - 39365*v + 38391. Give u(265).
-34
Let r(j) = -2*j**3 + 517*j**2 + 288*j - 7307. Calculate r(259).
204
Let w(a) = -30*a - 20. Determine w(3).
-110
Let n(l) = l**3 + 14*l**2 + 104*l + 1185. What is n(-13)?
2
Let n(i) = -2*i**2 + 654*i - 21062. What is n(35)?
-622
Let s(y) = -y**3 + 71*y**2 - 770*y - 346. Determine s(14).
46
Let l(p) = 2843*p + 14198. Give l(-5).
-17
Let m(p) = -30*p**2 + 173*p + 251. Determine m(7).
-8
Let h(o) = 170*o + 2966. Give h(-21).
-604
Let k(w) = 5*w**2 - 7188*w - 1770938. Determine k(1652).
6
Let j(i) = -3*i**3 + 20*i**2 + 11*i + 436. Give j(9).
-32
Let l(v) = -482*v - 193471. What is l(-401)?
-189
Let c(n) = -2284*n - 67846. Calculate c(-30).
674
Let b(i) = i**3 + 98*i**2 - 209*i + 298. Calculate b(-100).
1198
Let n(d) = 28*d**2 + 1275*d - 3244. Give n(-48).
68
Let v(l) = -438*l**3 + 364*l**2 + 371*l + 5. Determine v(-1).
436
Let f(x) = 85*x + 3065. Determine f(-24).
1025
Let o(b) = 2003901*b + 4007810. What is o(-2)?
8
Let t(n) = -n**3 + 24*n**2 - 943*n + 22664. Give t(24).
32
Let y(g) = -202*g - 78787. Determine y(-390).
-7
Let j(i) = 1866*i + 22512. Determine j(-11).
1986
Let m(z) = 107283*z + 321806. Determine m(-3).
-43
Let g(o) = 6*o**3 + 7*o**2 + 80*o - 87. Determine g(1).
6
Let r(l) = -526006*l + 20. What is r(0)?
20
Let a(y) = -y**3 - 9*y**2 - 153*y + 2307. Calculate a(8).
-5
Let p(i) = -i**3 + 9*i**2 + 182*i - 1463. Give p(13).
227
Let a(y) = y**2 - 225*y + 10118. What is a(62)?
12
Let v(g) = -g**3 - 121*g**2 - 887*g - 15. Give v(-8).
-151
Let k(u) = 2*u**3 + 33*u**2 + 1451*u + 21134. Calculate k(-15).
44
Let k(o) = -9*o**3 - 62*o**2 + 473*o + 3205. Calculate k(-7).
-57
Let r(t) = 828*t + 28984. Calculate r(-35).
4
Let q(i) = 11754*i - 470161. Calculate q(40).
-1
Let v(x) = -8*x**2 + 37*x + 214. Give v(-5).
-171
Let r(j) = -279*j**2 - 30973*j - 443. What is r(-111)?
1
Let k(u) = -290*u + 23204. What is k(70)?
2904
Let h(v) = -26*v**3 + 3*v**2 - 6*v + 5. Determine h(1).
-24
Let b(z) = 5085*z + 20312. Calculate b(-4).
-28
Let a(y) = y**3 - 21*y**2 + 488*y - 12230. Calculate a(23).
52
Let i(q) = -156*q - 8385. Give i(-51).
-429
Let a(r) = r**2 + 1264*r + 287209. What is a(-297)?
10
Let v(k) = -150*k**2 + 53*k + 15. Calculate v(5).
-3470
Let w(k) = -k**2 - 95327*k + 571994. Determine w(6).
-4
Let c(p) = p**2 - 119*p - 7901. What is c(-47)?
-99
Let c(j) = j**3 - 559*j**2 + 22187*j + 547. What is c(516)?
31
Let w(c) = 468*c**3 + 6*c**2 - 19*c + 13. Calculate w(1).
468
Let c(b) = -257618*b - 1288083. Calculate c(-5).
7
Let u(o) = 5*o**2 - 26623*o - 133231. Calculate u(-5).
9
Let y(a) = 619*a**3 - 2*a**2 + 91*a - 90. Determine y(1).
618
Let d(s) = 22*s**2 + 145*s + 1038. What is d(-7)?
1101
Let w(t) = -81*t**2 + 1372*t - 1264. What is w(16)?
-48
Let c(y) = 3774*y - 520800. Determine c(138).
12
Let i(b) = 2*b**3 + 126*b**2 + 1731*b + 4999. Determine i(-45).
4
Let j(l) = 310*l**2 - 1220*l + 2432. Give j(2).
1232
Let z(u) = -u**3 + 365*u**2 - 124*u + 451901. Determine z(368).
-3
Let a(g) = 88*g**2 - 2848*g + 3712. Calculate a(31).
-8
Let p(z) = -z**3 + 5*z**2 + 206*z - 1502. What is p(11)?
38
Let y(g) = 145*g**2 + 1113*g + 625. What is y(-7)?
-61
Let z(r) = -11*r**2 - 168*r - 45. Calculate z(-15).
0
Let f(x) = -x**3 + 318*x**2 + 2597*x + 3677. Give f(326).
91
Let y(s) = 11711*s - 23374. Determine y(2).
48
Let g(a) = -88*a**2 + 9224*a + 9223. Calculate g(-1).
-89
Let q(f) = -f**3 + 661*f**2 + 3321*f + 6029. Determine q(666).
35
Let b(d) = -24316*d + 17361627. What is b(714)?
3
Let u(y) = y**3 + 43*y**2 + 1452*y + 59213. Give u(-42).
-7
Let y(f) = -f**2 + 119*f - 1482. Give y(11).
-294
Let s(i) = 3*i**2 - 3337*i - 84129. What is s(1137)?
9
Let i(w) = -11*w**2 - 341*w + 3135. Determine i(7).
209
Let q(n) = 27*n**3 - 1701*n**2 - 16*n + 979. Calculate q(63).
-29
Let d(s) = -776*s + 383243. Calculate d(494).
-101
Let p(c) = -c**3 + 141*c**2 - 4926*c + 745. What is p(63)?
-11
Let h(n) = -12*n**2 - 312*n + 189. What is h(-26)?
189
Let v(h) = 2*h**2 + 61*h - 2059. Give v(19).
-178
Let s(o) = -47*o**2 - 158*o - 634. What is s(-4)?
-754
Let i(w) = -w**3 - 723*w**2 + 1488*w + 2626566. Determine i(-720).
6
Let q(x) = -10*x**2 - 2993*x + 2126. Calculate q(-300).
26
Let o(a) = 159423*a + 7014605. Calculate o(-44).
-7
Let t(k) = -747*k + 61275. Calculate t(82).
21
Let d(r) = -14569*r - 699324. Determine d(-48).
-12
Let i(c) = -c**2 + 253*c - 15946. Give i(119).
0
Let q(d) = 16*d**2 + 389*d + 4885. What is q(-15)?
2650
Let k(s) = -13650*s + 313687. What is k(23)?
-263
Let c(m) = 5*m**3 + 397*m**2 - 71119*m - 289. Calculate c(86).
-31
Let t(l) = -l**2 - 3135*l - 15644. Determine t(-5).
6
Let l(r) = 344*r**3 - 1376*r**2 + 17*r - 72. Calculate l(4).
-4
Let s(d) = -3*d**3 + d**2 - 871*d - 3546. Give s(-4).
146
Let f(d) = -d**3 - 51*d**2 + 331*d - 619. Determine f(-57).
8
Let d(a) = 38*a**2 - 1715*a + 1717. Determine d(1).
40
Let b(v) = 45*v - 3482. What is b(91)?
613
Let g(c) = 2*c**2 + 424*c + 19207. Calculate g(-65).
97
Let z(s) = 110*s**2 + 1860*s - 141. Determine z(-17).
29
Let n(d) = 72854*d - 5755472. What is n(79)?
-6
Let h(k) = -k**3 + 65*k**2 - 189*k - 23. Determine h(62).
-209
Let z(j) = 80*j + 23090. Calculate z(-289).
-30
Let y(z) = -218*z - 15416. What is y(-71)?
62
Let o(q) = 2*q**2 + 87277*q + 36389135. Give o(-421).
0
Let h(b) = -3*b**2 + 346*b + 384. Give h(115).
499
Let x(y) = 8*y**2 - 505*y - 2323. What is x(-4)?
-175
Let g(f) = 1147*f + 7792. What is g(-7)?
-237
Let g(i) = 6*i**2 - 160*i - 158. Determine g(12).
-1214
Let m(s) = -330*s + 28713. What is m(87)?
3
Let x(i) = i**2 - 513*i - 83423. Give x(-129).
-605
Let p(h) = 145*h - 1200. What is p(3)?
-765
Let h(u) = -11297*u + 418275. Determine h(37).
286
Let z(b) = 2*b**3 + 221*b**2 - 3621*b + 364. Determine z(-125).
-136
Let x(h) = h**3 - 276*h**2 - 1382*h + 152058. Determine x(279).
3
Let m(s) = 2*s**3 + 98*s**2 - 414*s + 518. Give m(-53).
-12
Let z(x) = -13*x**2 - 214*x - 49. What is z(-18)?
-409
Let t(l) = 10*l**2 - 1340*l + 18881. What is t(118)?
1
Let v(h) = -2186*h**2 + 6112*h. Give v(3).
-1338
Let k(l) = 13*l**2 + 173*l - 236. What is k(-14)?
-110
Let j(h) = 28*h**3 + 15414*h**2 + 7701*h + 547. What is j(-550)?
-3
Let q(g) = 13*g**3 + 12*g - 36. What is q(4)?
844
Let c(w) = 24*w**2 + 4139*w - 53133. What is c(12)?
-9
Let q(j) = 2*j**3 + 990*j**2 + 1989*j + 8356. Give q(-493).
-25
Let x(u) = 2436*u + 29863. Determine x(-12).
631
Let b(y) = -170*y**2 - 3848*y + 140. Give b(-23).
-1286
Let d(y) = -y**3 - 17*